t are the prime factors of 422762?
2, 29, 37, 197
List the prime factors of 1930476.
2, 3, 19, 8467
List the prime factors of 205882.
2, 311, 331
What are the prime factors of 68317?
53, 1289
List the prime factors of 188537.
19, 9923
What are the prime factors of 1144159?
67, 17077
List the prime factors of 10194121.
7, 139, 10477
What are the prime factors of 1535601?
3, 511867
What are the prime factors of 179438?
2, 7, 1831
List the prime factors of 162468.
2, 3, 4513
What are the prime factors of 3162256?
2, 197641
List the prime factors of 44615.
5, 8923
What are the prime factors of 6838970?
2, 5, 47, 14551
What are the prime factors of 279725?
5, 67, 167
What are the prime factors of 217470?
2, 3, 5, 11, 659
What are the prime factors of 12705826?
2, 7, 149, 6091
What are the prime factors of 939465?
3, 5, 6959
List the prime factors of 1150223.
677, 1699
What are the prime factors of 347946?
2, 3, 57991
What are the prime factors of 727775?
5, 43, 677
List the prime factors of 3009674.
2, 167, 9011
What are the prime factors of 7527014?
2, 11, 163, 2099
What are the prime factors of 1514403?
3, 11, 5099
What are the prime factors of 156502?
2, 17, 4603
List the prime factors of 136424.
2, 17053
List the prime factors of 2395258.
2, 239, 5011
List the prime factors of 824193.
3, 91577
List the prime factors of 700456.
2, 87557
List the prime factors of 19798101.
3, 23, 10627
List the prime factors of 2767037.
7, 13, 2339
What are the prime factors of 21546797?
29, 742993
List the prime factors of 3019838.
2, 1509919
What are the prime factors of 493581?
3, 11, 14957
List the prime factors of 3691639.
7, 527377
What are the prime factors of 1766991?
3, 59, 67, 149
What are the prime factors of 3221383?
11, 79, 337
List the prime factors of 9955715.
5, 7, 11, 19, 1361
What are the prime factors of 2424098?
2, 17, 83, 859
List the prime factors of 465796.
2, 23, 61, 83
List the prime factors of 818295.
3, 5, 17, 3209
What are the prime factors of 1083201?
3, 7, 51581
List the prime factors of 507518.
2, 11, 17, 23, 59
List the prime factors of 304864.
2, 7, 1361
List the prime factors of 2823603.
3, 941201
What are the prime factors of 4120108?
2, 1030027
What are the prime factors of 6993607?
6993607
What are the prime factors of 1071334?
2, 11, 19, 233
List the prime factors of 499492.
2, 7, 17839
List the prime factors of 1558723.
389, 4007
What are the prime factors of 713103?
3, 237701
List the prime factors of 89813.
19, 29, 163
List the prime factors of 56325.
3, 5, 751
What are the prime factors of 875494?
2, 37, 11831
What are the prime factors of 2497518?
2, 3, 89, 1559
What are the prime factors of 14459230?
2, 5, 37, 39079
What are the prime factors of 12375372?
2, 3, 1031281
What are the prime factors of 700906?
2, 350453
List the prime factors of 4627981.
73, 63397
List the prime factors of 23776377.
3, 43, 149, 1237
What are the prime factors of 18767?
7, 383
What are the prime factors of 6257540?
2, 5, 59, 5303
List the prime factors of 1074667.
11, 151, 647
What are the prime factors of 1834375?
5, 587
What are the prime factors of 674199?
3, 23, 3257
What are the prime factors of 207309?
3, 19, 3637
What are the prime factors of 17190967?
17190967
What are the prime factors of 3145670?
2, 5, 11, 28597
What are the prime factors of 4411485?
3, 5, 13, 7541
What are the prime factors of 130462?
2, 37, 41, 43
List the prime factors of 2258486.
2, 193, 5851
List the prime factors of 569433.
3, 67, 2833
What are the prime factors of 267524?
2, 47, 1423
List the prime factors of 50070.
2, 3, 5, 1669
List the prime factors of 824210.
2, 5, 82421
List the prime factors of 6521965.
5, 17, 277
What are the prime factors of 1694194?
2, 847097
What are the prime factors of 203764?
2, 11, 421
What are the prime factors of 855370?
2, 5, 23, 3719
List the prime factors of 776952.
2, 3, 11, 109
What are the prime factors of 231758?
2, 115879
List the prime factors of 890689.
613, 1453
What are the prime factors of 1621172?
2, 7, 57899
What are the prime factors of 946822?
2, 473411
List the prime factors of 9503435.
5, 1900687
List the prime factors of 9855870.
2, 3, 5, 19, 17291
List the prime factors of 3480343.
317, 10979
What are the prime factors of 1607842?
2, 803921
What are the prime factors of 1101861?
3, 23, 5323
What are the prime factors of 634767?
3, 7, 167, 181
What are the prime factors of 393881?
307, 1283
What are the prime factors of 2574846?
2, 3, 53, 2699
What are the prime factors of 869485?
5, 173897
List the prime factors of 225608.
2, 28201
What are the prime factors of 19094257?
7, 13, 37, 53, 107
What are the prime factors of 2624965?
5, 7, 37, 2027
List the prime factors of 644022.
2, 3, 37, 967
What are the prime factors of 1966875?
3, 5, 1049
List the prime factors of 2178199.
107, 20357
What are the prime factors of 323216?
2, 20201
List the prime factors of 7906527.
3, 19, 46237
List the prime factors of 351078.
2, 3, 7, 13, 643
List the prime factors of 1978547.
211, 9377
What are the prime factors of 5713673?
7, 816239
List the prime factors of 1971254.
2, 271, 3637
What are the prime factors of 342165?
3, 5, 22811
What are the prime factors of 1721206?
2, 283, 3041
What are the prime factors of 283808?
2, 7, 181
What are the prime factors of 732347?
7, 11, 9511
List the prime factors of 512410.
2, 5, 51241
List the prime factors of 641629.
197, 3257
List the prime factors of 216565.
5, 43313
List the prime factors of 8323610.
2, 5, 832361
List the prime factors of 2587363.
19, 136177
What are the prime factors of 8411528?
2, 19, 55339
What are the prime factors of 1786112?
2, 6977
What are the prime factors of 19294522?
2, 13, 317, 2341
List the prime factors of 104508.
2, 3, 2903
What are the prime factors of 2765575?
5, 110623
List the prime factors of 23052410.
2, 5, 109, 21149
What are the prime factors of 11332278?
2, 3, 209857
List the prime factors of 5317166.
2, 2658583
List the prime factors of 1526229.
3, 56527
List the prime factors of 316209.
3, 109, 967
List the prime factors of 1913793.
3, 7, 47, 277
What are the prime factors of 13473277?
151, 89227
List the prime factors of 827101.
11, 17, 4423
What are the prime factors of 30289?
7, 4327
What are the prime factors of 93706?
2, 46853
What are the prime factors of 5450794?
2, 107, 25471
What are the prime factors of 9983514?
2, 3, 1663919
List the prime factors of 2903140.
2, 5, 379, 383
List the prime factors of 1349159.
7, 192737
List the prime factors of 16342023.
3, 5447341
List the prime factors of 473380.
2, 5, 23669
What are the prime factors of 295351?
7, 42193
What are the prime factors of 6827422?
2, 7, 19, 25667
What are the prime factors of 3099595?
5, 23, 26953
List the prime factors of 13615324.
2, 19, 31, 5779
List the prime factors of 14437772.
2, 59, 131, 467
List the prime factors of 13223158.
2, 13, 508583
What are the prime factors of 135018?
2, 3, 13, 577
List the prime factors of 877303.
7, 125329
List the prime factors of 421632.
2, 3, 61
What are the prime factors of 22706050?
2, 5, 17, 26713
What are the prime factors of 149807?
7, 21401
What are the prime factors of 477936?
2, 3, 3319
What are the prime factors of 19831411?
19831411
List the prime factors of 1336148.
2, 11, 30367
List the prime factors of 1908856.
2, 31, 43, 179
What are the prime factors of 2054996?
2, 513749
List the prime factors of 1426440.
2, 3, 5, 11887
List the prime factors of 2477831.
1093, 2267
What are the prime factors of 4296470?
2, 5, 19, 22613
What are the prime factors of 5683545?
3, 5, 7, 18043
List the prime factors of 516755.
5, 181, 571
List the prime factors of 7595466.
2, 3, 1265911
List the prime factors of 1294528.
2, 113, 179
List the prime factors of 2182800.
2, 3, 5, 17, 107
What are the prime factors of 3590232?
2, 3, 227, 659
List the prime factors of 52954.
2, 11, 29, 83
What are the prime factors of 7474763?
701, 10663
List the prime factors of 5500056.
2, 3, 101, 2269
What are the prime factors of 2389207?
97, 24631
What are the prime factors of 2688034?
2, 1344017
What are the prime factors of 1958511?
3, 652837
List the prime factors of 3868858.
2, 7, 276347
List the prime factors of 1049675.
5, 11, 347
What 